at is -3 - -325?
322
In base 10, what is -24 - -6942?
6918
In base 10, what is -417522 + 12?
-417510
In base 9, what is 287550 + -5?
287544
In base 14, what is 15b - 557?
-3da
In base 6, what is 23 + 505322?
505345
In base 9, what is -304 + 251?
-43
In base 10, what is -1232 + 0?
-1232
In base 2, what is -1010010011 - -101110111001?
100100100110
In base 9, what is 0 - 1083?
-1083
In base 8, what is 7313 - 27?
7264
In base 6, what is -11031352 + 42?
-11031310
In base 6, what is 4 + -535231?
-535223
In base 2, what is 1010 + -100000110111111?
-100000110110101
In base 5, what is 201041 - 10?
201031
In base 7, what is -31 + 5120?
5056
In base 11, what is 2 - -158005?
158007
In base 10, what is -335312 + 2?
-335310
In base 13, what is -3 - 32a7?
-32aa
In base 15, what is -5806 - 18?
-581e
In base 3, what is -112211101111 + 0?
-112211101111
In base 7, what is 0 + 23610?
23610
In base 13, what is 1c19 + -368?
1881
In base 16, what is -11 + b7f?
b6e
In base 15, what is 5 - -22bac?
22bb2
In base 16, what is 274a8 - 5?
274a3
In base 14, what is 120 + -8d4?
-7b4
In base 16, what is 7f - 45d?
-3de
In base 16, what is -d + -57a5?
-57b2
In base 14, what is -109b9 + 5?
-109b4
In base 9, what is -2310 - -16?
-2283
In base 6, what is -132045 + -2?
-132051
In base 13, what is 1141 + 3?
1144
In base 15, what is 2bc5 + -1?
2bc4
In base 6, what is -20524 - -23?
-20501
In base 5, what is 22 - 102103?
-102031
In base 16, what is 1 + 153c?
153d
In base 13, what is -4 + 14bc5?
14bc1
In base 12, what is -4 + 141336?
141332
In base 3, what is -2111121102220 - -10?
-2111121102210
In base 3, what is -110121200100 + 2?
-110121200021
In base 11, what is -6a63 + -48?
-7000
In base 4, what is -102 - 112333231?
-112333333
In base 13, what is -a71 + -41?
-ab2
In base 4, what is 1 + -331232?
-331231
In base 2, what is 10101001 + -11000110110?
-10110001101
In base 5, what is 124 - -410411?
411040
In base 2, what is 110110 - -100001000?
100111110
In base 10, what is 2153538 + -5?
2153533
In base 10, what is -6 + 5802?
5796
In base 11, what is 13 - -75829?
75841
In base 10, what is 1363430 + -5?
1363425
In base 15, what is -1 - 525?
-526
In base 2, what is -11001010110000010 - 1?
-11001010110000011
In base 3, what is -101221102 + -10002?
-102001111
In base 11, what is -a01 + 2450?
154a
In base 5, what is -1410 + -4011?
-10421
In base 2, what is 100001101000 - 10101?
100001010011
In base 10, what is -80589 - -5?
-80584
In base 12, what is 42552 + 1?
42553
In base 15, what is -10 + 1009?
ee9
In base 10, what is -453387 + 2?
-453385
In base 3, what is -120201201 - -2?
-120201122
In base 9, what is 1 - 782372?
-782371
In base 10, what is 38026 + 166?
38192
In base 15, what is -1575 + -34?
-15a9
In base 16, what is 1d5a - 17?
1d43
In base 12, what is 3 - -5129?
5130
In base 8, what is -101013 + -4?
-101017
In base 15, what is -5d4d - 4?
-5d52
In base 6, what is -4 - -2455333?
2455325
In base 12, what is a0b + 51?
a60
In base 12, what is -55aa + -53?
-5641
In base 6, what is 430 + -3531?
-3101
In base 2, what is -10011101011 - 1101001?
-10101010100
In base 5, what is 101 + 24404?
30010
In base 4, what is 1332012 + -2013?
1323333
In base 4, what is -1130 - 10230?
-12020
In base 12, what is -4 - 11198?
-111a0
In base 14, what is 2724 - -3d?
2763
In base 15, what is 6 + 35b2?
35b8
In base 5, what is 3034410 + 3?
3034413
In base 11, what is 1765 - -8?
1772
In base 14, what is 1cb1 - -7?
1cb8
In base 12, what is 0 + -33041?
-33041
In base 5, what is 2212244 - -121?
2212420
In base 3, what is -20201 + 1211?
-11220
In base 11, what is 5 - -100760?
100765
In base 12, what is -11 + -1030?
-1041
In base 4, what is -1 + 11312211?
11312210
In base 9, what is -1 - 332?
-333
In base 12, what is 2 + -484b4?
-484b2
In base 6, what is 31425314 - -5?
31425323
In base 3, what is 211102 + -1120?
202212
In base 14, what is -cc - -43d?
351
In base 9, what is 284 + 8388?
8683
In base 4, what is -223 - -1200032?
1133203
In base 2, what is 100111110 - -10101100?
111101010
In base 10, what is -32 + 39507?
39475
In base 16, what is -41 - -41c1?
4180
In base 14, what is -13d1 - -202?
-11cd
In base 2, what is -1010100110001010 + -100?
-1010100110001110
In base 6, what is -111 + 3022?
2511
In base 16, what is 423 - -3d1?
7f4
In base 2, what is 1010000011110001 - -100?
1010000011110101
In base 4, what is -2 - -2130?
2122
In base 8, what is 0 - -204551?
204551
In base 10, what is 161 + -18490?
-18329
In base 6, what is -122 + -141?
-303
In base 13, what is -2 - -1b0b7?
1b0b5
In base 2, what is -1011011 + 10000111?
101100
In base 8, what is 35 + -53674?
-53637
In base 6, what is -3 + -12450351?
-12450354
In base 9, what is 28750 + 22?
28772
In base 3, what is -1010200 + 2200001?
1112101
In base 2, what is -10 - -110010001001101?
110010001001011
In base 9, what is -3 - -1017183?
1017180
In base 13, what is 1 + -93b3a?
-93b39
In base 7, what is 60 + -3566?
-3506
In base 11, what is -1 - 391a3?
-391a4
In base 16, what is 2 + -2df80?
-2df7e
In base 12, what is 1b - -b872?
b891
In base 11, what is 685 + -1152?
-578
In base 4, what is -11301212020 + -1?
-11301212021
In base 14, what is 855d57 - 4?
855d53
In base 6, what is -1155 + -3?
-1202
In base 6, what is 32 + 325?
401
In base 4, what is 1 - -2133212?
2133213
In base 15, what is -922 - -55?
-8bc
In base 10, what is 1077 + -299?
778
In base 8, what is 6 + 12037?
12045
In base 4, what is 202030 - -11130?
213220
In base 6, what is -5 + 323404?
323355
In base 2, what is -101111100101011010 + -100?
-101111100101011110
In base 2, what is 10001001100111 - 1110101?
10000111110010
In base 2, what is -10101111 + 10010010000101?
10001111010110
In base 13, what is 467 - -b?
475
In base 7, what is 2 - 50440?
-50435
In base 13, what is 5 + -15cb7?
-15cb2
In base 14, what is -15 - 6c62?
-6c77
In base 15, what is -6bd080 + 4?
-6bd07b
In base 8, what is 15764526 - 2?
15764524
In base 8, what is -1 + -43156?
-43157
In base 11, what is 1 + 8193?
8194
In base 15, what is 63 + -a?
58
In base 4, what is -3 + 231221223?
231221220
In base 2, what is 10001000101001 + -111?
10001000100010
In base 5, what is -143201 + 30?
-143121
In base 13, what is 1a - -2c4?
311
In base 11, what is 9013 + 6?
9019
In base 8, what is 1 - 1212362?
-1212361
In base 9, what is 1 + 327372?
327373
In base 2, what is 1100111101 + 0?
1100111101
In base 13, what is 8c43 - 18?
8c28
In base 13, what is 0 - -134099?
134099
In base 7, what is 145012 + 4?
145016
In base 8, what is 4022 - 4?
4016
In base 15, what is 936 + -d?
928
In base 10, what is 1 - 3837?
-3836
In base 9, what is 5332 - 28?
5303
In base 8, what is 5 + 3220644?
3220651
In base 13, what is 12854 - 16?
1283b
In base 10, what is -28454 + -3?
-28457
In base 4, what is -21 - -312232331?
312232310
In base 16, what is 117 - 2466?
-234f
In base 10, what is 9 - 1310?
-1301
In base 15, what is -611 - 35?
-646
In base 12, what is -13448 - -5a?
-133aa
In base 6, what is -332 - 20203?
-20535
In base 16, what is 34 - ae8?
-ab4
In base 11, what is -5 + -14170?
-14175
In base 4, what is 1 + 111302033?
111302100
In base 4, what is 1103 + -20303?
-13200
In base 16, what is 1143e - -4?
11442
In base 16, what is 277e0 + -18?
277c8
In base 3, what is 102000221022 + -12?
102000221010
In base 2, what is -100 - -1010110001001110?
1010110001001010
In base 12, what is 4 + 4800?
4804
In base 7, what is 143221 - 3?
143215
In base 11, what is -3 + 179877?
179874
In base 15, what is 0 + -37e1a?
-37e1a
In base 4, what is -10330213220 + -11?
-10330213231
In base 4, what is 210230 + -20?
210210
In base 16, what is -a1c + -17?
-a33
In base 9, what is 42254806 + -5?
42254801
In base 6, what is -4041 + 14352?
10311
In base 15, what is -10 - -1b78?
1b68
In base 12, what is -6a + 1036?
b88
In base 12, what is -452 - -23?
-42b
In base 14, what is -1dc38 + -55?
-1dc8d
In base 11, what is 39 + 1592?
1620
In base 4, what is 20000 - 3333?
10001
In base 7, what is -2342 + 163?
-2146
In base 12, what is 17352 - -3?
17355
In base 3, what is 10101112 + 102201?
10211020
In base 4, what is -1 + -2331011223?
-2331011230
In base 11, what is 36 + -978a?
-9754
In base 8, what is -1026001 - -4?
-1025775
In base 2, what is 1001001 - -101001110101?
101010111110
In base 5, what is 0 - -202431100?
202431100
In 